and 3?
3
Calculate the highest common divisor of 2567 and 80483.
151
Calculate the highest common divisor of 8 and 150872.
8
What is the greatest common factor of 7040 and 114560?
640
What is the highest common divisor of 195 and 36345?
15
Calculate the highest common factor of 28 and 671678.
14
Calculate the highest common divisor of 6114222 and 36.
18
Calculate the greatest common factor of 107952 and 4671.
519
Calculate the greatest common divisor of 126105 and 252.
21
Calculate the highest common factor of 2184 and 188838.
78
Calculate the greatest common factor of 9462 and 101118.
114
Calculate the greatest common factor of 208722 and 387.
129
Calculate the greatest common factor of 1140 and 12585.
15
What is the greatest common divisor of 16393 and 140747?
97
Calculate the greatest common divisor of 1050 and 8575.
175
What is the greatest common factor of 185448 and 24?
24
Calculate the greatest common divisor of 41 and 237308.
41
What is the greatest common factor of 4173 and 6747?
39
What is the highest common divisor of 169689 and 57?
57
Calculate the greatest common divisor of 274338 and 126.
18
What is the greatest common factor of 230 and 1303870?
230
Calculate the highest common divisor of 430738 and 7.
7
Calculate the greatest common factor of 116 and 1550.
2
Calculate the greatest common factor of 230 and 16420.
10
Calculate the highest common divisor of 223324 and 310.
62
Calculate the greatest common divisor of 112703 and 43.
43
Calculate the greatest common factor of 542148 and 96.
12
Calculate the greatest common factor of 51241 and 6.
1
Calculate the highest common divisor of 401 and 267467.
401
Calculate the greatest common factor of 307956 and 3300.
132
What is the greatest common divisor of 648 and 262008?
216
What is the greatest common divisor of 293098 and 52?
26
What is the highest common factor of 1583890 and 187?
187
Calculate the highest common divisor of 39 and 15387411.
39
What is the greatest common factor of 455 and 19890?
65
What is the greatest common factor of 262 and 163750?
262
Calculate the greatest common factor of 75 and 61575.
75
What is the highest common divisor of 2332 and 18436?
44
Calculate the highest common divisor of 47944 and 6708.
52
What is the greatest common factor of 3734584 and 12249?
1361
Calculate the highest common divisor of 99 and 5679.
9
What is the highest common factor of 67648 and 196?
28
What is the highest common divisor of 6344 and 12566?
122
What is the greatest common factor of 32402 and 986?
34
What is the highest common divisor of 66405 and 1710?
285
Calculate the greatest common divisor of 65890 and 990.
110
Calculate the greatest common factor of 128815 and 10.
5
Calculate the greatest common factor of 62 and 59520.
62
Calculate the highest common divisor of 41396 and 1264.
316
What is the greatest common divisor of 6273 and 101745?
153
Calculate the greatest common divisor of 17991 and 1152.
9
What is the greatest common divisor of 56 and 49360?
8
What is the highest common factor of 490 and 13045?
5
What is the greatest common factor of 2808 and 15093?
351
What is the greatest common divisor of 646400 and 1920?
640
Calculate the greatest common divisor of 9519 and 323.
19
What is the highest common divisor of 5253 and 408?
51
What is the greatest common divisor of 55530 and 18?
18
What is the highest common factor of 12692 and 9253?
19
What is the greatest common divisor of 10541 and 51943?
127
What is the highest common factor of 241577 and 35?
7
Calculate the highest common divisor of 95591 and 17.
17
What is the greatest common divisor of 464492 and 812?
28
Calculate the highest common factor of 13 and 173.
1
What is the greatest common factor of 232 and 4582?
58
What is the greatest common divisor of 31724 and 82852?
308
What is the highest common factor of 32696 and 35380?
244
Calculate the highest common divisor of 504 and 1864.
8
What is the highest common factor of 178551 and 714?
51
What is the greatest common divisor of 1914 and 25404?
174
What is the highest common divisor of 26380 and 3590?
10
What is the highest common divisor of 110637 and 342?
171
Calculate the greatest common factor of 6621266 and 94.
94
Calculate the greatest common divisor of 220385 and 1760.
55
Calculate the greatest common divisor of 260 and 20.
20
Calculate the highest common divisor of 8593 and 1950.
13
Calculate the highest common divisor of 20 and 369755.
5
Calculate the highest common divisor of 2316 and 1596.
12
Calculate the highest common divisor of 48 and 27851088.
48
What is the highest common factor of 3431 and 1387?
73
What is the highest common divisor of 1170 and 25350?
390
Calculate the highest common divisor of 105842 and 374.
374
Calculate the highest common factor of 126281 and 74.
37
Calculate the greatest common factor of 110 and 17699.
11
What is the greatest common factor of 40 and 10630?
10
What is the greatest common divisor of 70 and 33054?
14
Calculate the highest common divisor of 612 and 527.
17
What is the greatest common factor of 11958 and 54?
6
What is the greatest common divisor of 1121928 and 72?
24
What is the greatest common divisor of 26940 and 1080?
60
What is the greatest common factor of 591408 and 432?
432
What is the highest common factor of 34 and 767227?
17
Calculate the highest common divisor of 3037059 and 159.
159
What is the highest common divisor of 1316 and 609?
7
Calculate the highest common factor of 73 and 9446419.
73
What is the highest common divisor of 569212 and 1218?
406
Calculate the highest common divisor of 138334 and 17220.
574
What is the highest common divisor of 2016 and 945?
63
What is the highest common factor of 3 and 212811?
3
What is the greatest common factor of 1265 and 10235?
115
Calculate the greatest common divisor of 48 and 16352.
16
Calculate the greatest common divisor of 803 and 10804.
73
Calculate the greatest common divisor of 1790 and 287116.
358
Calculate the highest common factor of 2325757 and 56.
7
What is the highest common divisor of 1765 and 42713?
353
Calculate the highest common divisor of 10693 and 4624.
289
What is the highest common divisor of 352 and 111616?
32
Calculate the greatest common factor of 1446753 and 231.
231
Calculate the greatest common divisor of 1188 and 76248.
108
Calculate the greatest common factor of 66013 and 44447.
263
Calculate the greatest common factor of 2021 and 45167.
47
What is the greatest common factor of 56095 and 65?
65
Calculate the highest common factor of 808 and 152.
8
Calculate the greatest common divisor of 41166 and 54.
18
Calculate the highest common divisor of 3024671 and 377.
377
What is the highest common factor of 468981 and 9253?
487
Calculate the greatest common factor of 468908 and 44.
44
Calculate the highest common factor of 1322115 and 570.
285
What is the highest common factor of 242028 and 2862?
54
Calculate the greatest common factor of 316 and 12731956.
316
Calculate the highest common factor of 2697 and 20793.
87
What is the greatest common divisor of 98384 and 1872?
208
What is the greatest common factor of 52382 and 418?
22
What is the greatest common divisor of 6484 and 948?
4
What is the greatest common divisor of 938 and 10514?
14
What is the highest common factor of 16 and 37824?
16
Calculate the greatest common factor of 13888 and 41881.
217
What is the greatest common factor of 13 and 3133?
13
Calculate the highest common factor of 30 and 1339460.
10
Calculate the highest common divisor of 14 and 1465954.
14
Calculate the highest common factor of 1395 and 5760.
45
What is the highest common factor of 39895 and 19118?
79
What is the highest common divisor of 616 and 2912?
56
What is the highest common divisor of 18574 and 1258?
74
What is the greatest common divisor of 804 and 16?
4
Calculate the greatest common divisor of 462 and 594.
66
What is the highest common factor of 6680 and 360?
40
Calculate the highest common factor of 3926491 and 2139.
713
Calculate the greatest common factor of 45 and 351555.
15
Calculate the greatest common divisor of 8472 and 24.
24
What is the highest common divisor of 12716 and 4267?
17
Calculate the highest common divisor of 254 and 600456.
254
Calculate the greatest common divisor of 8